 Suppose 3*j - 9*j = 876. Let s = j + 150. Determine i(s).
6
Let m(w) = 4*w**2 - 8*w + 81. Let z(p) = -5*p**2 + 6*p - 81. Let h(t) = -6*m(t) - 5*z(t). Calculate h(4).
7
Let z be (6/4)/(156/(-208)). Let o(p) = -2*p + 3. Determine o(z).
7
Suppose -5*o + 5 = -i, o - 2*i = -2*o - 4. Let l(z) = -z**o - 1231*z + 2*z**2 + 1225*z - 2 - 4. Give l(6).
-6
Let x(b) = -4*b - 7 + 3*b - b. Let a(f) = -4*f**2 + 14*f + 12. Let z be a(5). Let n(t) = -t**3 - 17*t**2 + 16*t - 42. Let d be n(z). Calculate x(d).
5
Let q(b) = b**2 - 4*b - 29. Let r be q(8). Suppose -2*d - 7 = -r. Let p(o) = 13*o + 5. Let t(l) = -13*l - 6. Let j(x) = -4*p(x) - 3*t(x). What is j(d)?
24
Let t(m) = -8*m**2 + 13*m + 4. Let s(r) = -8*r**2 + 15*r + 5. Let p(l) = -5*s(l) + 6*t(l). Suppose -3*a + 0*a + 11 = -4*y, 0 = -y + 4*a - 19. Determine p(y).
-6
Let c(k) = -k**3 + 7*k**2 + 119*k - 16. Let a = 13163 - 13171. Give c(a).
-8
Let k(r) = -r**3 - r**2 + r + 7. Suppose 4*s + 9*i = 5*i, -3*s + 8 = 5*i. What is k(s)?
51
Let v(b) = 21*b**2 + 6*b - 3. Let l(y) be the third derivative of 0 + 0*y - 1/6*y**3 - 43*y**2 + 1/60*y**5 + 1/24*y**4. Let x(z) = 4*l(z) - v(z). Give x(-1).
-16
Suppose -2*h = 3*h - l - 35, 2*h - 2*l = 22. Let s(m) = -3*m**3 + 6*m**2 + 3*m + 11. Let u(y) = -y**3 + 2*y + 4. Let w(k) = -s(k) + 2*u(k). What is w(h)?
3
Let n be 303 + -3*(-4)/6. Let k = 308 - n. Let o(w) = 4*w - 3. Determine o(k).
9
Let h(k) be the second derivative of -11*k**4/12 - k**3/2 + k**2/2 + 1140*k. Determine h(1).
-13
Let m(r) = -3*r**3 - 21512*r + 21508*r + 5 + 2*r**3 - r**2 + 6*r**2. Calculate m(4).
5
Let d = -18 + 26. Let q(m) = d*m + 8 + 3*m**2 - 2*m**2 - 1. Let f = -235 - -229. Determine q(f).
-5
Let d(u) = u**2 + 222 - 65 + 6*u - 153. Suppose 3*i - 5*i = -20. Let c be 24/20*i/(-3). What is d(c)?
-4
Let j(w) = 4*w**2 - 18*w - 27. Let s(f) = -f**2 + 5*f + 6. Let d(n) = 4*j(n) + 17*s(n). Calculate d(13).
-6
Let d(f) = -1 + 24*f**2 - 44*f**2 - f + 21*f**2 + 5*f + 0. Let u be (-1*2)/((-7)/14). Suppose -5 = -3*n - u*c + 2, -5*n - 31 = -4*c. What is d(n)?
-4
Let g(u) = -11*u**2 - 34*u - 2. Let y(d) = 3*d**2 + 17*d. Let m(v) = 2*g(v) + 5*y(v). Determine m(3).
-16
Suppose 3*c = 2*l + 5*c - 28, 38 = 3*l + 2*c. Let p(u) be the third derivative of u**4/12 - 13*u**3/6 - 2*u**2 - 38. Calculate p(l).
7
Let g(n) = 22*n**2 + 5*n - 4. Let q = 10402 + -10401. Determine g(q).
23
Let o(x) = x**2 - 8*x - 1. Suppose 0 = -4*r + 3*r + 1. Let h(z) = 11*z**2 - r - 2 + 12*z**2 - 20*z**2 - 24*z. Let f(s) = -2*h(s) + 7*o(s). What is f(7)?
-8
Let q = 30 - 18. Suppose 3*s = 6*s + q. Let a(t) = 2*t**2 + 3*t + 3*t**2 + 1 + 886*t**3 - 885*t**3. Give a(s).
5
Let f(i) = -70*i - 55*i + 253*i - 75*i - 85*i + 233. What is f(7)?
9
Let v(k) be the third derivative of k**9/30240 - k**8/6720 + k**7/5040 - k**5/12 + k**2 + 16. Let i(a) be the third derivative of v(a). What is i(2)?
6
Let p be -2 - (29/116)/(1/(-76)). Let a(b) = b**3 - 19*b**2 + 34*b + 1. Determine a(p).
1
Let u(t) = t**3 + 14*t**2 + 13*t + 6. Let k be u(-13). Let w(r) be the first derivative of 2*r**2 + 2*r + 760. Determine w(k).
26
Let r(m) = -11*m**2 - 23*m + 46*m**2 + 27 - 16*m**2. Let k(q) = -12*q**2 + 15*q - 18. Let x(z) = -8*k(z) - 5*r(z). Determine x(6).
15
Let d(p) = 13*p**3 - 16*p**2 - 25*p + 28. Let a(i) = 3*i**3 - 4*i**2 - 6*i + 7. Suppose 4*h - 51 = -59. Let b(m) = h*d(m) + 9*a(m). What is b(5)?
12
Let f(x) = -9*x**2 - 33*x + 202. Let i(p) = 5*p**2 + 17*p - 102. Let n(m) = -4*f(m) - 7*i(m). Determine n(-18).
-4
Let s(f) be the third derivative of -f**4/12 - 41*f**3/6 - 3*f**2 + 64*f + 1. Calculate s(-21).
1
Suppose 0 = 3*r + 195 - 204. Let v(d) = -3 + 5*d**2 - 5*d + 7*d - 116*d**3 + 117*d**r. What is v(-3)?
9
Let a = 13168 + -13178. Let z(g) = -g**2 - 10*g + 14. What is z(a)?
14
Let x(p) be the second derivative of -2*p**3 + 5*p**2 + 19*p + 14. Calculate x(-5).
70
Let n(z) = -z**2 + z + 9. Let a be n(-3). Let o be (18/10)/(a/(-15)). Let w be (-18)/(-36) + (-1)/2*o. Let m(b) = -b**3 - 2*b**2 + 4*b - 4. Calculate m(w).
12
Let m(l) = 0 + 1 - l**3 + 2*l - l**2 + 1. Suppose -3*a + 15 = 6. Suppose -4*f - y = a + 1, -4*f + 4 = 3*y. What is m(f)?
2
Let i(v) be the third derivative of -v**6/120 + 2*v**5/15 + 5*v**4/12 - 5*v**3/6 - v**2. Let m be (6/(-9))/(19/(-513)) - (11 - (-26)/(-13)). What is i(m)?
4
Let d(b) = -2*b + 0*b - 54 - 4*b - 3*b + b. What is d(-6)?
-6
Let g = 19 + -21. Let o be 2/(0 - g) - 3. Let h be -2 + (1 - o) + -8. Let p(j) = j**3 + 8*j**2 + 8*j + 8. Determine p(h).
1
Let q(r) = -r**3 - 2*r**2. Let t be (-504)/(-266) + (-6)/(-57). Let p(b) be the first derivative of -b**3/3 + 2*b - 1. Let u be p(t). Calculate q(u).
0
Let i(s) = 0*s**2 - 14 + 137*s + s**2 - 134*s. Let n be (-252)/140*(-80)/(-24). What is i(n)?
4
Let r(n) = -n**3 - n**2 + 5*n + 2. Let t(q) = -99*q + 107. Let u be t(-7). Let k = -803 + u. What is r(k)?
5
Let j(t) = 0 - 174*t**3 - 10*t + 175*t**3 + 2 - 3*t**2. Let a be j(5). Let h be (-30)/3*a/(-4). Let q(g) = 3*g - 6. Give q(h).
9
Let i = 5 - 1. Let c(f) = 2 - 18 - i*f + 5*f. Let l be c(14). Let q(t) = -6*t - 3. Determine q(l).
9
Suppose -42 + 36 = -3*o. Let b(l) = 23 - 13 - o - 2*l - 4. Give b(3).
-2
Suppose 335 = -5*d + 330. Let n(k) = 7*k**2 + k. Determine n(d).
6
Let q(n) = n**2 - 10*n + 5. Suppose -4*t + 74 = 5*p, 7*t - 4*p - 31 = 2*t. Give q(t).
16
Suppose -3*t + 4*y = -12, -3*t = 7*y - 2*y - 12. Let v(o) = -62*o**2 + 21*o - 52. Let c(g) = -25*g**2 + 10*g - 23. Let d(k) = 5*c(k) - 2*v(k). What is d(t)?
5
Let v = 16 + -26. Let g(t) = -27*t - 8. Let u(a) = -67*a - 15. Let l(w) = -5*g(w) + 2*u(w). What is l(v)?
0
Suppose 0 = 3*q - 4*x - 78, 0 = 3*q + 4*x - 24 - 30. Let d(l) = -l**3 + 5*l**3 - 51*l**2 + 31*l**2 - q*l - 3*l**3 + 19. Determine d(21).
-2
Let p(k) = 10*k - 1 + 0 - 1. Let q = -12156 + 12156. Let u be p(q). Let s(l) = 2*l**2 + 2*l. Give s(u).
4
Let b(t) be the second derivative of -1/6*t**3 - t**2 + 0 - 3*t. Suppose 4*h + 2*p = -3*p - 19, 0 = -3*p + 3. Give b(h).
4
Let t(w) = -2*w + 6. Let g be t(4). Let n(l) = 3*l**2 - 3*l - 45. Let z(c) = -2*c - 15. Let h(f) = -n(f) + 3*z(f). Calculate h(g).
-6
Let k(s) be the first derivative of -31 - 9/2*s**2 - 4*s. Calculate k(-3).
23
Let w(n) = 3*n**2 - 61*n + 11. Suppose 570*u = 4*g + 572*u - 68, 3*u = -4*g + 62. Give w(g).
-9
Let f = -1 - -3. Let g be (2 + -4)/(f/4). Let p(i) = -52*i + 1 - 5*i**2 + 47*i - i**3 - 4. What is p(g)?
1
Let z(s) = -3*s - 4. Let u be z(-20). Let l = 61 - u. Suppose 5*v + 50 = -l*v. Let o(a) = a**2 + 3*a. Determine o(v).
10
Let d = 28 - 11. Let y(s) = -s**3 - 4*s**2 - 2*s - 15. Let f be y(-5). Let v(a) = 2*a + d - 45 + f. Give v(6).
4
Suppose 0 = u + 5*z + 16, 5*u - 4*z - 32 = -z. Suppose -l - u*l = 3*f - 22, 4*f = -3*l + 44. Let c(q) = -q**2 + 15*q - 12. What is c(f)?
2
Let w(u) = -9*u**2 - 11*u - 3. Let i(v) = -v**3 - 109*v**2 - 135*v - 37. Let x(b) = 2*i(b) - 25*w(b). What is x(4)?
5
Let k(r) = -r**3 + 3*r**2 + 3*r + 1. Let m be ((-1)/(-1))/((-3)/(-27)). Suppose 38*o + 198 - 217 = 285. Suppose -o*y + m = -5*y. Give k(y).
10
Let d(c) = 23*c**2 + 11*c - 29. Let g(y) be the second derivative of -y**4/3 - y**3/3 + 5*y**2/2 + 46*y. Let b(u) = 6*d(u) + 34*g(u). Calculate b(3).
8
Let y(x) = -x**3 + 2*x**2 + 1. Let p be 0 + 0/2 - (-416)/104. Suppose -8 = -5*a + 2. Suppose -3*k + 2*k + 1 = -i, p*i - a = 2*k. Calculate y(i).
1
Let b(p) = -p**2 - 19*p + 21. Suppose -1031*x - 21 + 81 = -1034*x. Calculate b(x).
1
Let l(q) = -2*q**2 - 69*q - 401. Let s(v) = -v**2 - 35*v - 194. Let u(y) = -4*l(y) + 9*s(y). Calculate u(-35).
-2
Let j(f) = -14*f + 6. Let y(d) = -16*d + 5. Let u(v) = -6*j(v) + 5*y(v). Give u(-4).
-27
Let t(h) be the first derivative of -h**4/2 + 5*h**3 - 5*h**2/2 - 21*h - 1863. What is t(7)?
-7
Let n(z) = -z**3 - 4*z**2 - 7*z - 5. Let m be 11/(-66)*-18*10/6. Let j be 5 + m + -14 + 1. Determine n(j).
7
Suppose 5*i - 5 - 5 = 0. Suppose -4*q - 18 = -2*w, i*w + 2*q - 8 = q. Let g(c) = 4*c**2 - 25 + 3*c**3 + w*c + 26 - 4*c**3. Give g(5).
1
Let o(h) = 4*h - 51. Let m(s) = 91*s - 6543. Let z be m(72). Determine o(z).
-15
Let v(q) = q**2 - q - 9. Let u(t) = t**2 - t - 8. Let r(c) = -4*u(c) + 3*v(c). Determine r(-3).
-7
Let s(m) = m - 1. Suppose 4 = 47*w - 45*w. Let j be 440/(-55) + w/(-2)*2. Give s(j).
-11
Let a(f) = -353 + 1072 + 3*f - 357 - 348. Calculate a(6).
32
